d 7.
7
What is the highest common factor of 34 and 14569?
17
What is the highest common factor of 576 and 9?
9
Calculate the highest common divisor of 220 and 160.
20
What is the greatest common factor of 66 and 1430?
22
Calculate the greatest common factor of 15 and 10.
5
What is the highest common divisor of 6492 and 12?
12
What is the highest common factor of 60 and 310?
10
What is the greatest common factor of 3969 and 162?
81
What is the greatest common divisor of 1620 and 40?
20
Calculate the highest common divisor of 136 and 2.
2
Calculate the highest common factor of 17 and 34.
17
What is the highest common factor of 71 and 639?
71
What is the greatest common divisor of 27 and 531?
9
What is the greatest common factor of 68 and 21284?
68
Calculate the greatest common divisor of 524 and 393.
131
What is the greatest common factor of 153 and 255?
51
Calculate the greatest common factor of 1476 and 36.
36
Calculate the greatest common factor of 178 and 979.
89
Calculate the highest common factor of 220 and 1020.
20
Calculate the highest common divisor of 12 and 1338.
6
What is the greatest common factor of 1580 and 3239?
79
Calculate the highest common divisor of 91 and 988.
13
Calculate the highest common divisor of 50 and 2110.
10
Calculate the highest common factor of 205 and 5043.
41
What is the highest common divisor of 20 and 8465?
5
Calculate the highest common factor of 53010 and 62.
62
Calculate the greatest common factor of 23 and 115.
23
What is the greatest common factor of 42 and 2289?
21
What is the highest common factor of 688 and 1849?
43
What is the greatest common factor of 136 and 62?
2
What is the highest common factor of 62991 and 27?
27
Calculate the greatest common factor of 2988 and 3652.
332
Calculate the greatest common factor of 288 and 1044.
36
What is the greatest common factor of 20460 and 33?
33
What is the highest common divisor of 21 and 21?
21
What is the highest common factor of 59 and 472?
59
What is the highest common divisor of 37 and 8066?
37
Calculate the highest common divisor of 51 and 663.
51
Calculate the highest common divisor of 12 and 2604.
12
What is the highest common divisor of 11687 and 2639?
377
Calculate the highest common factor of 112 and 952.
56
What is the greatest common factor of 352 and 864?
32
Calculate the greatest common factor of 11144 and 56.
56
Calculate the highest common divisor of 310 and 124.
62
Calculate the greatest common divisor of 9612 and 178.
178
Calculate the greatest common divisor of 765 and 135.
45
What is the highest common factor of 236 and 295?
59
What is the highest common factor of 496 and 12152?
248
What is the highest common divisor of 336 and 42?
42
What is the greatest common divisor of 5 and 80?
5
What is the greatest common divisor of 63 and 4311?
9
What is the greatest common divisor of 14 and 5012?
14
What is the greatest common divisor of 448 and 308?
28
What is the greatest common divisor of 174 and 6?
6
What is the greatest common divisor of 32 and 8?
8
Calculate the highest common divisor of 742 and 518.
14
What is the greatest common divisor of 104 and 40?
8
Calculate the greatest common factor of 1639 and 298.
149
What is the greatest common factor of 3247 and 3056?
191
What is the highest common factor of 663 and 39?
39
What is the highest common divisor of 171 and 63?
9
What is the highest common divisor of 8 and 2?
2
What is the highest common factor of 20 and 3020?
20
Calculate the highest common divisor of 3 and 13.
1
Calculate the greatest common divisor of 72 and 1962.
18
What is the highest common factor of 155 and 4867?
31
What is the highest common factor of 14940 and 40?
20
What is the greatest common factor of 24 and 24?
24
What is the highest common divisor of 63 and 42525?
63
Calculate the highest common factor of 220 and 330.
110
What is the highest common factor of 3007 and 62?
31
What is the highest common factor of 4325 and 25?
25
Calculate the highest common divisor of 1081 and 141.
47
What is the highest common factor of 4248 and 144?
72
What is the highest common factor of 82 and 7093?
41
What is the highest common factor of 9 and 44217?
9
Calculate the highest common factor of 585 and 45.
45
Calculate the highest common divisor of 714 and 42.
42
Calculate the greatest common divisor of 1784 and 24.
8
Calculate the highest common factor of 20 and 630.
10
Calculate the greatest common factor of 62 and 9703.
31
Calculate the highest common divisor of 12 and 116.
4
What is the greatest common divisor of 377 and 13?
13
Calculate the highest common divisor of 4848 and 12.
12
What is the greatest common divisor of 70 and 1340?
10
What is the greatest common divisor of 1330 and 105?
35
What is the highest common divisor of 2806 and 207?
23
What is the highest common divisor of 1431 and 396?
9
What is the greatest common divisor of 55161 and 243?
243
What is the greatest common divisor of 2 and 694?
2
What is the highest common divisor of 1400 and 56?
56
What is the highest common factor of 35 and 18130?
35
Calculate the greatest common divisor of 12 and 7500.
12
What is the highest common divisor of 288 and 792?
72
Calculate the highest common factor of 6530 and 10.
10
What is the highest common factor of 124 and 3751?
31
What is the greatest common divisor of 14 and 266?
14
What is the highest common divisor of 319 and 66?
11
Calculate the highest common divisor of 16 and 2056.
8
Calculate the highest common factor of 2752 and 64.
64
Calculate the highest common factor of 4979 and 13.
13
What is the highest common divisor of 6 and 504?
6
What is the highest common factor of 34 and 527?
17
What is the highest common divisor of 2 and 5?
1
What is the greatest common factor of 35 and 505?
5
Calculate the greatest common factor of 245 and 1040.
5
Calculate the greatest common factor of 2349 and 4.
1
Calculate the greatest common factor of 19 and 13.
1
Calculate the highest common factor of 374 and 306.
34
Calculate the greatest common factor of 667 and 46.
23
Calculate the greatest common factor of 46 and 115.
23
Calculate the highest common factor of 20930 and 14.
14
Calculate the highest common divisor of 143 and 65.
13
Calculate the greatest common factor of 130 and 1326.
26
What is the highest common factor of 738 and 18?
18
What is the greatest common factor of 134 and 335?
67
Calculate the highest common divisor of 20 and 930.
10
Calculate the greatest common divisor of 154 and 15323.
77
What is the greatest common divisor of 3 and 32?
1
Calculate the greatest common divisor of 1572 and 12.
12
What is the greatest common divisor of 536 and 134?
134
What is the greatest common factor of 4 and 8532?
4
Calculate the greatest common factor of 24 and 2424.
24
Calculate the highest common factor of 6 and 525.
3
Calculate the highest common divisor of 57 and 19.
19
What is the greatest common divisor of 380 and 19?
19
What is the greatest common divisor of 192 and 1632?
96
Calculate the highest common factor of 1222 and 26.
26
Calculate the highest common factor of 1632 and 1156.
68
What is the greatest common divisor of 58 and 16008?
58
Calculate the greatest common divisor of 264 and 40.
8
Calculate the greatest common divisor of 91 and 17.
1
What is the greatest common factor of 20 and 2090?
10
Calculate the highest common factor of 60 and 3240.
60
Calculate the greatest common divisor of 73 and 584.
73
Calculate the greatest common factor of 549 and 61.
61
What is the greatest common divisor of 4 and 324?
4
What is the greatest common divisor of 138 and 69?
69
What is the greatest common factor of 176 and 308?
44
What is the greatest common divisor of 182 and 14?
14
Calculate the greatest common factor of 1017 and 27.
9
What is the greatest common divisor of 56 and 6888?
56
Calculate the greatest common divisor of 11572 and 44.
44
Calculate the greatest common factor of 165 and 2985.
15
What is the greatest common factor of 232 and 2668?
116
What is the greatest common divisor of 126 and 54?
18
What is the highest common divisor of 55 and 605?
55
What is the greatest common factor of 966 and 92?
46
What is the highest common factor of 74 and 2183?
37
What is the highest common factor of 330 and 60?
30
What is the greatest